{"version":"1.0","provider_name":"F\u00e9d\u00e9ration des ordres professionnels de juristes du Canada","provider_url":"https:\/\/flsc.ca\/fr\/","author_name":"FLSC","author_url":"https:\/\/flsc.ca\/fr\/author\/flsc-baytek\/","title":"Faciliter la libre circulation des professionnels du droit - F\u00e9d\u00e9ration des ordres professionnels de juristes du Canada","type":"rich","width":600,"height":338,"html":"<blockquote class=\"wp-embedded-content\" data-secret=\"qyRcuPhaoq\"><a href=\"https:\/\/flsc.ca\/fr\/what-we-do\/national-mobility-of-the-legal-profession\/\">Faciliter la libre circulation des professionnels du droit<\/a><\/blockquote><iframe sandbox=\"allow-scripts\" security=\"restricted\" src=\"https:\/\/flsc.ca\/fr\/what-we-do\/national-mobility-of-the-legal-profession\/embed\/#?secret=qyRcuPhaoq\" width=\"600\" height=\"338\" title=\"\u00ab\u00a0Faciliter la libre circulation des professionnels du droit\u00a0\u00bb &#8212; F\u00e9d\u00e9ration des ordres professionnels de juristes du Canada\" data-secret=\"qyRcuPhaoq\" frameborder=\"0\" marginwidth=\"0\" marginheight=\"0\" scrolling=\"no\" class=\"wp-embedded-content\"><\/iframe><script type=\"text\/javascript\">\n\/* <![CDATA[ *\/\n\/*! This file is auto-generated *\/\n!function(d,l){\"use strict\";l.querySelector&&d.addEventListener&&\"undefined\"!=typeof URL&&(d.wp=d.wp||{},d.wp.receiveEmbedMessage||(d.wp.receiveEmbedMessage=function(e){var t=e.data;if((t||t.secret||t.message||t.value)&&!\/[^a-zA-Z0-9]\/.test(t.secret)){for(var s,r,n,a=l.querySelectorAll('iframe[data-secret=\"'+t.secret+'\"]'),o=l.querySelectorAll('blockquote[data-secret=\"'+t.secret+'\"]'),c=new RegExp(\"^https?:$\",\"i\"),i=0;i<o.length;i++)o[i].style.display=\"none\";for(i=0;i<a.length;i++)s=a[i],e.source===s.contentWindow&&(s.removeAttribute(\"style\"),\"height\"===t.message?(1e3<(r=parseInt(t.value,10))?r=1e3:~~r<200&&(r=200),s.height=r):\"link\"===t.message&&(r=new URL(s.getAttribute(\"src\")),n=new URL(t.value),c.test(n.protocol))&&n.host===r.host&&l.activeElement===s&&(d.top.location.href=t.value))}},d.addEventListener(\"message\",d.wp.receiveEmbedMessage,!1),l.addEventListener(\"DOMContentLoaded\",function(){for(var e,t,s=l.querySelectorAll(\"iframe.wp-embedded-content\"),r=0;r<s.length;r++)(t=(e=s[r]).getAttribute(\"data-secret\"))||(t=Math.random().toString(36).substring(2,12),e.src+=\"#?secret=\"+t,e.setAttribute(\"data-secret\",t)),e.contentWindow.postMessage({message:\"ready\",secret:t},\"*\")},!1)))}(window,document);\n\/\/# sourceURL=https:\/\/flsc.ca\/wp-includes\/js\/wp-embed.min.js\n\/* ]]> *\/\n<\/script>\n","thumbnail_url":"https:\/\/flsc.ca\/wp-content\/uploads\/2021\/02\/national-mobility.jpg","thumbnail_width":800,"thumbnail_height":545,"description":"La F\u00e9d\u00e9ration veille \u00e0 ce que les membres de la profession juridique puissent se d\u00e9placer ais\u00e9ment d\u2019une province ou d\u2019un territoire \u00e0 l'autre, afin de pratiquer le droit, peu importe l'endroit de leur formation en droit ou de leur admission au barreau."}

Fédération des ordres professionnels de juristes du Canada

Faciliter la libre circulation des professionnels du droit - Fédération des ordres professionnels de juristes du Canada

<blockquote class="wp-embedded-content" data-secret="qyRcuPhaoq"><a href="https://flsc.ca/fr/what-we-do/national-mobility-of-the-legal-profession/">Faciliter la libre circulation des professionnels du droit</a></blockquote><iframe sandbox="allow-scripts" security="restricted" src="https://flsc.ca/fr/what-we-do/national-mobility-of-the-legal-profession/embed/#?secret=qyRcuPhaoq" width="600" height="338" title="« Faciliter la libre circulation des professionnels du droit » &#8212; Fédération des ordres professionnels de juristes du Canada" data-secret="qyRcuPhaoq" frameborder="0" marginwidth="0" marginheight="0" scrolling="no" class="wp-embedded-content"></iframe><script type="text/javascript">
/* <![CDATA[ */
/*! This file is auto-generated */
!function(d,l){"use strict";l.querySelector&&d.addEventListener&&"undefined"!=typeof URL&&(d.wp=d.wp||{},d.wp.receiveEmbedMessage||(d.wp.receiveEmbedMessage=function(e){var t=e.data;if((t||t.secret||t.message||t.value)&&!/[^a-zA-Z0-9]/.test(t.secret)){for(var s,r,n,a=l.querySelectorAll('iframe[data-secret="'+t.secret+'"]'),o=l.querySelectorAll('blockquote[data-secret="'+t.secret+'"]'),c=new RegExp("^https?:$","i"),i=0;i<o.length;i++)o[i].style.display="none";for(i=0;i<a.length;i++)s=a[i],e.source===s.contentWindow&&(s.removeAttribute("style"),"height"===t.message?(1e3<(r=parseInt(t.value,10))?r=1e3:~~r<200&&(r=200),s.height=r):"link"===t.message&&(r=new URL(s.getAttribute("src")),n=new URL(t.value),c.test(n.protocol))&&n.host===r.host&&l.activeElement===s&&(d.top.location.href=t.value))}},d.addEventListener("message",d.wp.receiveEmbedMessage,!1),l.addEventListener("DOMContentLoaded",function(){for(var e,t,s=l.querySelectorAll("iframe.wp-embedded-content"),r=0;r<s.length;r++)(t=(e=s[r]).getAttribute("data-secret"))||(t=Math.random().toString(36).substring(2,12),e.src+="#?secret="+t,e.setAttribute("data-secret",t)),e.contentWindow.postMessage({message:"ready",secret:t},"*")},!1)))}(window,document);
//# sourceURL=https://flsc.ca/wp-includes/js/wp-embed.min.js
/* ]]> */
</script>

La Fédération veille à ce que les membres de la profession juridique puissent se déplacer aisément d’une province ou d’un territoire à l'autre, afin de pratiquer le droit, peu importe l'endroit de leur formation en droit ou de leur admission au barreau.
